se -v + c + 66 = 0. What is the tens digit of v?
8
Let m(p) = 4*p + 111. Let b be m(-23). What is the units digit of 156*(4 + -3 + b/4)?
7
Let t = -1 - -3. Let y = -277 - -265. What is the units digit of y/t*154/(-44)?
1
Let q = -208 - -213. Suppose 2*t = 5*l + 560, -2*t - q*l + 520 = -0*t. What is the hundreds digit of t?
2
Let q = -6 + 0. Let k(x) = -5*x**2 - 8*x + 15. Let j(n) = -10*n**2 - 15*n + 30. Let b(u) = q*j(u) + 11*k(u). What is the hundreds digit of b(-5)?
1
Let l be 1 - (15/3 - 4). Suppose l = -3*n + 2*n - 0*n. Suppose 0 = 2*f - m - 120, 8*f - 3*f - 4*m - 294 = n. What is the units digit of f?
2
Let w(z) = 969*z**2 - 189*z - 968. What is the hundreds digit of w(-5)?
2
Let a be (2 - (1 - 3))*5/5. Suppose -3*r + 378 = -5*p - 1307, 2*p + 2256 = a*r. What is the hundreds digit of r?
5
Suppose 22*d - 326592 = 14*d. Suppose -19*l + d = 23*l. What is the tens digit of l?
7
Suppose -5*x = 9*x + 5*x - 158232. What is the thousands digit of x?
8
Let i be 0/2 - ((-11)/(-11) - 3). Suppose -i*d + 226 + 1122 = 0. What is the tens digit of d?
7
What is the units digit of 12 - (-3621 + 8) - 5/(-1)?
0
Suppose -314 = 5*o - 8*o + 2*a, 534 = 5*o + 2*a. Suppose -o*y + 125*y = 28025. What is the units digit of y?
5
Let c be (-216)/16 + -1 + 6/4. Suppose 3*o + 72 = j, 11*o - 4*j = 9*o - 58. Let v = c - o. What is the units digit of v?
0
Let w(q) be the third derivative of q**5/30 + q**4/12 - 12*q**2. Let v be w(-5). What is the tens digit of (v/(-100))/((-1)/205)?
8
Let d = -3097 + 18195. What is the tens digit of d?
9
Let p = -93397 - -131552. What is the tens digit of p?
5
Let y(w) = -6*w**3 - 2*w**2 + 4*w + 3. Let c be y(-1). Suppose c*n - 267 = -2*i, 3*i - 296 = -5*n + 150. What is the tens digit of n?
9
Let d = 8668 + -4045. What is the hundreds digit of d?
6
Suppose -15*a = -13*a - 4008. Suppose -4*l = 2*l - a. Let w = l - 195. What is the units digit of w?
9
Suppose -51*l + 6 = -48*l. Suppose -3*o + 1020 = 3*u, 8 = 3*u + l*o - 1017. What is the units digit of u?
5
What is the tens digit of 24 - 2108/85 - (-345747)/15?
4
Let m(f) = f**3 + 22*f**2 - 57*f + 28. Let k be m(-24). Let g = k - 85. What is the tens digit of g?
5
Let n be (-339)/15 - 21/(-35). Let w(m) = -14*m + 115. What is the tens digit of w(n)?
2
Suppose -5*y + 51 = -4*y. Let v = y - 53. What is the units digit of (v - (-6 - -26))*30/(-4)?
5
Let c = -195 - -216. Suppose c*a - 765 = 16*a. What is the hundreds digit of a?
1
Suppose 0 = -2*l - 552 + 560. Suppose 212 = 3*y + u, 0 = -u + l*u + 3. What is the units digit of y?
1
Suppose 0 = -3*k + p - 47 - 15, 3*p + 87 = -4*k. Let s(j) = j**2 + 19*j + 28. What is the tens digit of s(k)?
7
Let r be (-2 + (-66)/(-4))*(51 - 7). Let u = 878 - r. What is the units digit of u?
0
Suppose -3*c - 65*s + 119631 = -59*s, 18 = 3*s. What is the ten thousands digit of c?
3
Suppose -4*n + 27 = -3*y, -3*y + 0*n + 5*n = 30. What is the tens digit of ((-3)/(-6))/((20/(-472))/y)?
5
Suppose -53*w + 55*w - 4 = 0, w = 2*x - 16198. What is the thousands digit of x?
8
Let s be 26/(-91) - (-2)/7. Suppose 0 = -3*q - b - 350, -b + s + 1 = 0. Let h = 89 - q. What is the tens digit of h?
0
Let a = -37 - -35. Let b be ((-28)/4)/(a/10). Suppose -b + 14 = -3*x. What is the units digit of x?
7
Suppose -6*m + 7 = -11. Suppose 4*i = -u - m, 0*u + 2*u = -4*i - 2. What is the units digit of (15/(-9) - u)*78/(-4)?
2
Let j = -463 - -676. Let l = -100 + j. Let v = l + -26. What is the tens digit of v?
8
Let x = 54442 + -41170. What is the tens digit of x?
7
Suppose -4*k - 2*b + 38566 = 0, -k = -0*k + 4*b - 9659. What is the thousands digit of k?
9
Let y(b) = 9*b - 51. Let r be y(-9). Let g = -381 - r. Let c = g - -355. What is the units digit of c?
6
Suppose -55031 = -5*o - 4*x, -10*o + 33051 = -7*o - 3*x. What is the tens digit of o?
1
Let g(a) be the third derivative of 15*a**4/4 + 2*a**3/3 + 19*a**2. Let k be g(3). What is the tens digit of k/6 - 12/(-36)?
4
Let q(d) be the second derivative of -d**4/6 + 5*d**3/6 + 2*d**2 + 3*d. Let z be q(3). What is the units digit of (-153)/z*(-6)/9?
2
Let a(m) = 25*m**2 + 63*m - 5925. What is the hundreds digit of a(46)?
8
Suppose 0 = -3*k - 131 - 4. Let b = k + 244. What is the units digit of b?
9
Let y = -9 - -9. Suppose -2*l - 13 = -l + 4*m, 3*l + 3*m + 3 = y. Suppose -46 = -o + a - 9, -169 = -5*o - l*a. What is the units digit of o?
5
Let p be (-15 + 22)/(-7)*-75. Let k = 3 + 2. Suppose k*l = 8*l - p. What is the units digit of l?
5
Let w be (35/(-2))/7*-2. Suppose -w*i = 3*q - 4779, -2*q + q - 4*i + 1600 = 0. What is the units digit of q/28 - 6/(-21)?
7
Let o(w) = -146*w**2 - 16*w - 1. Let s(f) = 437*f**2 + 45*f + 3. Let g(t) = 17*o(t) + 6*s(t). What is the hundreds digit of g(2)?
5
Let k(m) = -1603*m + 5006. What is the thousands digit of k(-6)?
4
Let x = -75 + 88. Suppose 4*y = p - 385, -2*p - y - x = -765. What is the units digit of p?
7
Let b(x) = -640*x**3 + 2*x**2 - 28*x - 164. What is the units digit of b(-5)?
6
Let b(u) = -5*u**3 - u**2 - u + 1. Let z be b(1). Let x be (-4 - 5/(-5))*(-8)/z. Let l = x + 21. What is the tens digit of l?
1
Let v(p) = -3*p**3 - 26*p**2 - 11*p - 21. Let t be v(-13). Let m = t - 600. What is the units digit of m?
9
Let z = 112 + -109. Let p be (z/(-9))/((-2)/(-24)) - -98. Let j = p - -186. What is the hundreds digit of j?
2
Let m = 15321 - 2666. What is the hundreds digit of m?
6
Let n(l) = 1170*l + 294. What is the ten thousands digit of n(32)?
3
What is the tens digit of (-71920)/(-26) - (1 - (-693)/(-715))*5?
6
Let i = -66 + 262. Let n be (-2)/(-5) + (-48)/(-30). Suppose -n*l + i = 4*p, 0 = -5*l - p + 342 + 130. What is the tens digit of l?
9
Suppose -2698 = -u - 5*p, 12*u - 2*p - 13598 = 7*u. What is the tens digit of u?
1
Let i(b) = -34*b**2 - 41*b + 73. Let q(j) = 17*j**2 + 19*j - 36. Let o(h) = 2*i(h) + 5*q(h). What is the units digit of o(5)?
6
Suppose l = 8 + 1. Let g(n) = 3*n**2 + 2*n - 55. Let w be g(4). What is the tens digit of (-11 - w)*(l - 12)?
3
Suppose 412*h + 256*h = 244*h + 7199944. What is the units digit of h?
1
Suppose 1258338 = 66*j - 63114. What is the units digit of j?
2
Suppose -3*k + 107 - 125 = 0. What is the hundreds digit of (-218)/k*(31 - 28)?
1
Suppose 4*x = -3*f + 8*x - 26, -f = 3*x + 13. Let c(j) = -j**2 - 8*j + 5. Let v be c(-6). Let g = v - f. What is the units digit of g?
7
Suppose -4*o + 9*o = -3*t - 3, -4*t + 22 = -2*o. Suppose 0*m + 26 = 2*m + t*u, 0 = m - 3*u + 7. Suppose 10*y = m*y + 130. What is the units digit of y?
6
Let j(l) = 32*l - 6. Let b(q) = 33*q - 5. Let x(z) = 2*b(z) - 3*j(z). Let g(y) = -2*y**3 + 20*y**2 - 16*y - 20. Let f be g(9). What is the tens digit of x(f)?
6
Let a(d) = -2*d**3 + 12*d**2 - d + 186. What is the hundreds digit of a(-14)?
0
Suppose -157 = -3*x - 2*w, 2*x + 262 = 7*x + 3*w. Suppose 0 = -m + 55 - x. Suppose 2*q = -5*i + 487, -3*q + 197 = m*i + 11. What is the tens digit of i?
9
Suppose -q = c - 17243, 17228 = -308*q + 309*q - 4*c. What is the units digit of q?
0
Suppose 0*h + i = 5*h - 59, 0 = -h + 5*i + 31. Suppose 1232 + 1056 = h*f. What is the units digit of f?
8
Let u(y) = -2*y**3 + 13*y**2 + 7*y + 6. Let o be u(7). Suppose o*r - 22 = -4. Suppose -q = r, -q + 53 = -p + 138. What is the tens digit of p?
8
Suppose 2*d - 95 = 7*d. Suppose -316 = 4*g + 3*b, 3*b + 434 = -5*g + 42. What is the tens digit of (d/g)/(2/184)?
2
Let y = 23002 - 15868. What is the thousands digit of y?
7
Let l = -7935 + 15427. What is the thousands digit of l?
7
Let w = 1412 + -2327. Let y = 1326 + w. What is the tens digit of y?
1
Suppose 9*j = -74 - 178. What is the units digit of j/35 + (-6867)/(-15)?
7
Let k(i) = -i**2 + 8*i - 5. Let f be k(7). Let p be ((-4)/(-6))/f*6. Suppose 4*h + 0*r - 273 = -5*r, -5*r = p*h - 149. What is the units digit of h?
2
Let g(c) = -12*c - 11 - 4*c - 9 + 21. Let z be g(-1). Suppose -z*f = -18*f + 99. What is the tens digit of f?
9
What is the ten thousands digit of ((-790)/(-6))/(14686/(-1470) + 10)?
1
Suppose -23*a + 19*a + 348 = 0. Let h(q) = -48*q + 12*q + 16*q - a + 13*q. What is the units digit of h(-31)?
0
Suppose 0 = -17*c + 7*c + 16870. Suppose -36 = 2*f - 5*v - c, f = v + 827. What is the tens digit of f?
2
Suppose 0 = 5*n - 5*a - 40, 5*n - 3*a = 43 - 13. Suppose 0 = -n*p + 5*p - o, 2*p + o + 4 = 0. What